{"id":510,"date":"2024-12-08T17:36:32","date_gmt":"2024-12-08T16:36:32","guid":{"rendered":"https:\/\/claudiedumontart.com\/?post_type=product&#038;p=510"},"modified":"2024-12-08T17:53:35","modified_gmt":"2024-12-08T16:53:35","slug":"jazz","status":"publish","type":"product","link":"https:\/\/claudiedumontart.com\/index.php\/product\/jazz\/","title":{"rendered":"Jazz"},"content":{"rendered":"<div class=\"\">\n<div class=\"\">Pastel sec sur papier Pastelmat (papier sabl\u00e9)<\/div>\n<div class=\"\">Dimension du dessin : 52X72 CM<\/div>\n<\/div>\n<div><\/div>\n<div>\n<div class=\"\">Livr\u00e9 avec un certificat d\u2019authenticit\u00e9.<\/div>\n<\/div>\n","protected":false},"excerpt":{"rendered":"<div class=\"\">\n<div class=\"\">Pastel sec sur papier Pastelmat (papier sabl\u00e9)<\/div>\n<div class=\"\">Dimension du dessin : 40X50 CM<\/div>\n<div><\/div>\n<\/div>\n<div>\n<div class=\"\"><i class=\"\">S\u00e9curisation de l\u2019oeuvre<\/i>\u00a0:<\/div>\n<div class=\"\"><\/div>\n<div class=\"\">L\u2019oeuvre est exp\u00e9di\u00e9e sans cadre en raison du risque de verre bris\u00e9 durant le transport\u00a0 qui pourrait endommager le pastel.<\/div>\n<div class=\"\"><\/div>\n<div class=\"\">A r\u00e9ception , Le pastel doit \u00eatre conserv\u00e9 sous le papier cristal\u00a0 et \u00eatre encadr\u00e9 sous verre\u00a0<b class=\"\">par un professionnel.<\/b>\u00a0En effet le contact direct avec le verre pourrait endommager la surface du pastel.<\/div>\n<div class=\"\">Une fois encadr\u00e9 , votre tableau traversera les d\u00e9cennies , voire les si\u00e8cles, sans dommage.<\/div>\n<div class=\"\"><\/div>\n<div class=\"\">Livr\u00e9 avec un certificat d\u2019authenticit\u00e9.<\/div>\n<\/div>\n","protected":false},"featured_media":511,"comment_status":"open","ping_status":"closed","template":"","meta":{"saved_in_kubio":false,"_monsterinsights_skip_tracking":false,"_monsterinsights_sitenote_active":false,"_monsterinsights_sitenote_note":"","_monsterinsights_sitenote_category":0},"product_cat":[33],"product_tag":[],"aioseo_notices":[],"_links":{"self":[{"href":"https:\/\/claudiedumontart.com\/index.php\/wp-json\/wp\/v2\/product\/510"}],"collection":[{"href":"https:\/\/claudiedumontart.com\/index.php\/wp-json\/wp\/v2\/product"}],"about":[{"href":"https:\/\/claudiedumontart.com\/index.php\/wp-json\/wp\/v2\/types\/product"}],"replies":[{"embeddable":true,"href":"https:\/\/claudiedumontart.com\/index.php\/wp-json\/wp\/v2\/comments?post=510"}],"wp:featuredmedia":[{"embeddable":true,"href":"https:\/\/claudiedumontart.com\/index.php\/wp-json\/wp\/v2\/media\/511"}],"wp:attachment":[{"href":"https:\/\/claudiedumontart.com\/index.php\/wp-json\/wp\/v2\/media?parent=510"}],"wp:term":[{"taxonomy":"product_cat","embeddable":true,"href":"https:\/\/claudiedumontart.com\/index.php\/wp-json\/wp\/v2\/product_cat?post=510"},{"taxonomy":"product_tag","embeddable":true,"href":"https:\/\/claudiedumontart.com\/index.php\/wp-json\/wp\/v2\/product_tag?post=510"}],"curies":[{"name":"wp","href":"https:\/\/api.w.org\/{rel}","templated":true}]}}