{"id":340,"date":"2024-03-27T13:46:33","date_gmt":"2024-03-27T12:46:33","guid":{"rendered":"https:\/\/claudiedumontart.com\/?post_type=product&#038;p=340"},"modified":"2024-12-08T17:06:27","modified_gmt":"2024-12-08T16:06:27","slug":"le-col-en-dentelle","status":"publish","type":"product","link":"https:\/\/claudiedumontart.com\/index.php\/product\/le-col-en-dentelle\/","title":{"rendered":"Le col en dentelle"},"content":{"rendered":"<div class=\"\">\n<div>D&rsquo;apr\u00e8s une photo de Paul APAL KIN.<\/div>\n<div class=\"\">Pastel sec sur papier Pastelmat (papier sabl\u00e9)<\/div>\n<div class=\"\">Dimension du dessin : 30X40 CM<\/div>\n<div><\/div>\n<\/div>\n<div>\n<div class=\"\"><i class=\"\">S\u00e9curisation de l\u2019oeuvre<\/i>\u00a0:<\/div>\n<div class=\"\"><\/div>\n<div class=\"\">L\u2019oeuvre est exp\u00e9di\u00e9e sans cadre en raison du risque de verre bris\u00e9 durant le transport\u00a0 qui pourrait endommager le pastel. Il est envelopp\u00e9 dans un Les frais de livraison sont offerts pour la France et sur devis pour l\u2019\u00e9tranger.<\/div>\n<div class=\"\"><\/div>\n<div class=\"\">A r\u00e9ception , Le pastel doit \u00eatre conserv\u00e9 sous le papier cristal\u00a0 et \u00eatre encadr\u00e9 <strong>sous verre\u00a0<\/strong><b class=\"\">par un professionnel.<\/b>\u00a0En effet le contact direct avec le verre pourrait endommager la surface du pastel.<\/div>\n<div class=\"\">Une fois encadr\u00e9 , votre tableau traversera les d\u00e9cennies , voire les si\u00e8cles, sans dommage.<\/div>\n<div class=\"\"><\/div>\n<div class=\"\">Livr\u00e9 avec un certificat d\u2019authenticit\u00e9.<\/div>\n<\/div>\n","protected":false},"excerpt":{"rendered":"<p>D&rsquo;apr\u00e8s une photo de Paul APAL KIN. Pastel sec sur papier Pastelmat (papier sabl\u00e9) Dimension du dessin : 30X40 CM S\u00e9curisation de l\u2019oeuvre\u00a0: L\u2019oeuvre est exp\u00e9di\u00e9e sans cadre en raison du risque de verre bris\u00e9 durant le transport\u00a0 qui pourrait endommager le pastel. Il est envelopp\u00e9 dans un Les frais de livraison sont offerts pour [&hellip;]<\/p>\n","protected":false},"featured_media":223,"comment_status":"closed","ping_status":"closed","template":"","meta":{"saved_in_kubio":false,"_monsterinsights_skip_tracking":false,"_monsterinsights_sitenote_active":false,"_monsterinsights_sitenote_note":"","_monsterinsights_sitenote_category":0},"product_cat":[32],"product_tag":[],"aioseo_notices":[],"_links":{"self":[{"href":"https:\/\/claudiedumontart.com\/index.php\/wp-json\/wp\/v2\/product\/340"}],"collection":[{"href":"https:\/\/claudiedumontart.com\/index.php\/wp-json\/wp\/v2\/product"}],"about":[{"href":"https:\/\/claudiedumontart.com\/index.php\/wp-json\/wp\/v2\/types\/product"}],"replies":[{"embeddable":true,"href":"https:\/\/claudiedumontart.com\/index.php\/wp-json\/wp\/v2\/comments?post=340"}],"wp:featuredmedia":[{"embeddable":true,"href":"https:\/\/claudiedumontart.com\/index.php\/wp-json\/wp\/v2\/media\/223"}],"wp:attachment":[{"href":"https:\/\/claudiedumontart.com\/index.php\/wp-json\/wp\/v2\/media?parent=340"}],"wp:term":[{"taxonomy":"product_cat","embeddable":true,"href":"https:\/\/claudiedumontart.com\/index.php\/wp-json\/wp\/v2\/product_cat?post=340"},{"taxonomy":"product_tag","embeddable":true,"href":"https:\/\/claudiedumontart.com\/index.php\/wp-json\/wp\/v2\/product_tag?post=340"}],"curies":[{"name":"wp","href":"https:\/\/api.w.org\/{rel}","templated":true}]}}